 digit of w(1)?
1
Let b = 65 - 29. What is the units digit of b?
6
Let x be (1 + -4)/((-1)/2). Suppose 399 = x*s + 105. What is the units digit of s?
9
Suppose 4*d + d = 25. Suppose -d = -3*o + 115. What is the units digit of o?
0
Let z(j) = j**3 - j**2 - 12*j + 21. What is the hundreds digit of z(6)?
1
Let q be (0 - -1)*0 + 43. Suppose q = -5*o - 3*y, 5*o + 0*o = -5*y - 35. Let u = o + 17. What is the units digit of u?
6
Suppose 6*f - 208 = 4*f + 2*x, 0 = 4*x + 16. What is the hundreds digit of f?
1
Let v(c) = c**3 - 13*c**2 + 13*c - 15. Let b(f) = 2*f**3 - 26*f**2 + 26*f - 31. Let i(x) = 2*b(x) - 5*v(x). What is the units digit of i(12)?
1
Suppose 3*o = -k + 108, 2*k = -2*k + 3*o + 462. What is the units digit of k?
4
Suppose -152 + 36 = 2*w. Let c = 93 + w. What is the tens digit of c?
3
Let a(f) = -f**3 + 5*f**2 + 7*f - 1. Let s be a(6). Suppose -3 = -4*u + s. Suppose -h + 2 = -u. What is the units digit of h?
4
Suppose 0 = -3*s + a + 16, 0*a = -2*s + a + 9. What is the units digit of s?
7
Let a = -114 + 192. What is the tens digit of a?
7
Suppose 5*h = v - 21, -5*h + 123 = 3*v - 0*v. Suppose 5*g = 2*g + v. What is the units digit of g?
2
Let p(d) = -19*d**3 + 1. Let r be p(1). Let l = r + 31. What is the tens digit of l?
1
Let p = -69 - -116. What is the tens digit of p?
4
Suppose 6*b - 1 = 5*b. What is the units digit of b?
1
Let x(h) be the second derivative of h**5/60 + h**4/4 - h**3/2 + h**2/2 + 2*h. Let a(m) be the first derivative of x(m). What is the units digit of a(-7)?
4
Let x be 4 - (-1 + 3/3). Let b(t) = 2*t - 6. Let n be b(x). What is the units digit of ((-35)/10)/(n/(-8))?
4
Let m(h) = -h**3 - 7*h**2 - 4*h. Let l be m(-6). Suppose 4*r + 2*w = 56 + 22, -w = -1. Let s = r + l. What is the units digit of s?
7
Let j be ((-10)/5)/((-2)/28). Suppose 2*x - x = j. What is the units digit of x?
8
Let q(i) = 3*i**2 - i + 1. What is the units digit of q(-4)?
3
Suppose 4*i - 44 = -3*n, -n + 11 = i + 2*n. What is the units digit of 1/1*(i - 2)?
9
Suppose q - 15 = -5. What is the units digit of q?
0
Suppose 228 = 2*s - 5*q, -4*s + 430 = -3*q + 6*q. What is the hundreds digit of s?
1
Let d(v) = 30*v + 1. Let g be d(-1). Let w = g - -61. Suppose i = -3*i + w. What is the units digit of i?
8
Suppose 3*g = -4*v + 2*v + 71, -3*g + 75 = 3*v. Suppose -g = -4*y + 11. Let x = -6 + y. What is the units digit of x?
2
Suppose -4*w = -51 + 7. What is the units digit of w?
1
Suppose -15 = b - 4*b. Suppose -30 = -b*w - 5*s, 2*s = -12 + 2. Let y = 1 + w. What is the units digit of y?
2
Suppose -5*k = -2*g - 1206, 0 = -k + g + 188 + 55. What is the hundreds digit of k?
2
What is the units digit of (27/(-6))/(6/(-56))?
2
Let j(g) = -g**2 + 7*g + 1. What is the tens digit of j(5)?
1
Let j(a) = 47*a**2 - 2*a - 2. What is the units digit of j(-1)?
7
Let y = -3 - -7. Suppose -y*b + 3*b + 1 = 0. What is the units digit of b?
1
Let i(f) = 17*f + 4. Let w be i(3). Suppose w = 5*g + 5. What is the tens digit of g?
1
Suppose 0 = 3*h - 4*k + 2, -2*k - 16 = 5*h + 22. Let n(u) = -u**3 - 5*u**2 + 2*u - 4. What is the tens digit of n(h)?
2
Suppose -4 = 5*n - n. Let o be 1/((-1)/n) - 1. What is the units digit of (1 - o)*(7 - 2)?
5
What is the tens digit of -3*56/(-6)*10/5?
5
Suppose 0 = -4*i - t + 146, 5*i - 252 = -3*t - 66. What is the tens digit of i?
3
Suppose 3*h - 3 = -5*c + 2*c, -4*h - 12 = 0. What is the units digit of c?
4
Suppose 0 = 5*m - 14 - 11. Suppose z + m*c - 32 = 0, 0 = -3*z - 3*c + 55 - 19. Let v = z + -1. What is the units digit of v?
6
Let p = 2 - -2. Suppose 0*n - 16 = -p*n, -25 = 3*u - 4*n. What is the units digit of ((-1)/u)/(4/72)?
6
Let a = 17 - 30. Suppose 0 = -j - 0 - 5. Let y = j - a. What is the units digit of y?
8
Let c(d) = d**3 - d**2 + d + 7. Let s be c(0). What is the units digit of ((-6)/(-3) + -1)*s?
7
Let y(i) = -3*i - 3. Let m be y(-2). Let o(x) = 3*x**2 - 2*x. What is the units digit of o(m)?
1
Suppose 0 = -12*p + 11*p + 85. What is the units digit of p?
5
Let j = 383 + -173. What is the hundreds digit of j?
2
Let u(w) = -4*w. Suppose 2*b = -2*b - 16. What is the tens digit of u(b)?
1
Suppose -c + 33 = 3. What is the tens digit of c?
3
Let s be 21/7 - (-10)/(-2). What is the tens digit of (0 + 5)*4 + s?
1
Let p = 2 + 25. What is the tens digit of p?
2
Let j(a) = -9*a**3 + a**2 + a + 1. Let c(i) = -3*i - 2. Let p be c(-2). Let r = 3 - p. What is the tens digit of j(r)?
1
Suppose -2*z + 58 = -4*g, -5*z + 2*g = -10*z + 133. What is the tens digit of z?
2
Let o(y) = -y**2 + 6*y - 4. Let f be 6/4*8/3. Let n be o(f). What is the units digit of (n - 3)*(2 + -1)?
1
Let l be (-56)/(-12)*(5 - 2). Suppose -5*z - 7*f + 4*f = 4, 0 = -z - 5*f - l. Suppose 4*c = -5*s + 24, 3*s = 5*c + 6 + z. What is the units digit of c?
1
Suppose -7 = -4*i - s + 13, -4*i + 20 = -2*s. Let q = i - 6. What is the tens digit of 2 - 18/(q + -1)?
1
Suppose 0 = 4*u + 4*z - 9*z + 2, -4*z = 8. What is the units digit of u/((-9)/(-6))*-2?
4
What is the units digit of ((-36)/16)/((-4)/32)?
8
Suppose -2*d - d = 0. Let k(r) = -r - 18. Let z be k(-5). Let o = d - z. What is the units digit of o?
3
Let p(f) be the third derivative of -f**4/24 - f**3/6 + 2*f**2. What is the units digit of p(-2)?
1
Let j = -10 - -20. Let g = -4 + j. Let v = g + 4. What is the units digit of v?
0
Let u be (-2 - -3)*(0 - -8). Let y(s) = s**3 - 8*s**2 + 4*s - 5. Let v be y(u). Let f = -19 + v. What is the units digit of f?
8
Let s be 12/7 - 4/(-14). Let m(n) = -n + 8. Let x be m(0). Let h = x - s. What is the units digit of h?
6
Let y(f) = f**3 - 3*f**2 - 7*f. Let n be y(5). Let s = n - -9. What is the tens digit of s?
2
Suppose m = 211 + 202. What is the units digit of m?
3
What is the units digit of 2 + 3/((-3)/1)?
1
Let x(w) = 103*w**2 - 1. What is the tens digit of x(1)?
0
Let f = 718 - 419. What is the tens digit of f?
9
Let r(g) = g**3 + g**2 + 5. What is the units digit of r(0)?
5
Let y be (-1)/((-3)/6) - -3. Suppose 2*t + 5 = -y*n, 2*t + 2*n = -2*t + 14. What is the units digit of t?
5
Let t(b) = -b**3 + 6*b**2 + 5. Let k be t(6). Suppose 0 = k*u - 4*g - 37, -2*g = -3*u - 0*u + 21. Let x = 10 - u. What is the units digit of x?
5
Let f be -3 + 1 - (-26 - 0). Suppose -n + 2*n = -4. What is the units digit of (-4)/6*f/n?
4
Suppose -2*w = w. Let n(z) = -z**3 - z + 13. Let p be n(w). Suppose p = 3*c - 2. What is the units digit of c?
5
Let x = -3 - -6. Let b(p) = -p**3 - 2*p**2 - 4. Let h be b(-3). Suppose -4*v + x = -h. What is the units digit of v?
2
Let b = -12 - -6. Let w = b - -11. Suppose -5*j + 45 = 2*v, 5*j + 0*v = w*v + 45. What is the units digit of j?
9
Let g = 7 - 3. Let q = g - 1. Suppose -q*p - 18 = -5*p. What is the units digit of p?
9
Suppose -b = -4*f + 3*b + 32, 6 = -3*b. What is the units digit of f?
6
Let k(z) = z + 1. Let o be k(4). Suppose 0*p + 25 = o*p. What is the units digit of p?
5
Suppose -25 = -2*l - 3*l. Let c = 10 - l. Suppose 4*w = -w - 4*x + 47, -1 = -w - c*x. What is the tens digit of w?
1
Let t = 268 - 191. What is the units digit of t?
7
Let f be -2 + (-1 - 12/3). Let i(s) = -s - 6. Let b be i(f). Suppose -b = -c + 3. What is the units digit of c?
4
Let q be 1/1 - (-2 + -1). Suppose 50 = q*o + o. What is the tens digit of o?
1
Suppose 30 = 3*x - x. What is the units digit of 6/x - 56/(-10)?
6
Let t(k) = 10*k - 10. Let u be t(4). Suppose 9*l - 7*l - u = 0. What is the units digit of l?
5
Suppose 108 = a - t, 4*a + 5*t = 595 - 163. Suppose -a = -r - 3*r. What is the units digit of r?
7
Suppose 7*z - 1226 - 153 = 0. What is the tens digit of z?
9
Let x = -33 - -59. What is the units digit of x?
6
Let d be (1/3)/(3/9). Let o be (-1)/1*d - -5. Let s = o - -12. What is the units digit of s?
6
Suppose -v + 84 = 2*v. Let z = -7 + v. What is the units digit of z?
1
What is the units digit of (198/(-108))/((-2)/12)?
1
Suppose -4*z - 4 = 2*h - 2, -3*h - 23 = -4*z. Let d = h - -9. What is the units digit of d?
4
Let z(q) = -2*q**2 + 2*q - 3. Let i be z(2). Let b(m) = -6*m - 1. What is the units digit of b(i)?
1
Let r = 9 - 7. Suppose 2*l - 10 = 4*l. What is the units digit of r/(-3)*(l - 1)?
4
Let x = 134 - 84. Let c = 83 - x. What is the tens digit of c?
3
Suppose -j + 6*j - 60 = 0. Suppose -4*x = h - 11, -j = 2*x - h + 5*h. What is the units digit of x?
4
Let k be 